-11. Suppose 3*g + 2*t = 38 - l, 3*t - 40 = -4*g. Let r = 11 - g. What is the units digit of r?
1
Suppose -415 = -3*p - 70. What is the tens digit of p/(-5)*-1*3?
6
Let a = -271 + 295. What is the tens digit of a?
2
Suppose 45 + 4 = 7*r. Suppose 12 = n + 3*v, r*n - 4*n + v - 76 = 0. What is the tens digit of n?
2
What is the tens digit of (3/(-6)*4)/(-1)*173?
4
Suppose 2*x - 321 = 5*p, 0 = -2*p - 10 + 4. What is the hundreds digit of x?
1
Suppose 5*x - 10 = 3*x. Suppose q - x*i = 11, -13 = -3*q - 2*i + 7*i. What is the units digit of q?
1
Let q be (-6)/12 - (-18)/4. Suppose -2*p = -q*p - 3*f + 17, -2*p = -5*f - 25. What is the tens digit of ((-4)/(-6))/(p/285)?
1
Suppose 132 = 5*v - 1223. Let t = -101 + v. What is the units digit of t?
0
What is the hundreds digit of 4/30 + (13672/60 - 1)?
2
Let n(t) = 24*t - 37. What is the tens digit of n(6)?
0
What is the units digit of ((-528)/(-60))/((-2)/(-190))?
6
Suppose -3*d - 2*d - 3*l - 74 = 0, 0 = 4*d + 3*l + 58. Let k = -18 - d. Let u = k + 20. What is the units digit of u?
8
Suppose -4*n - 502 = -0*n + k, 2*k = -4. Let s = 233 + n. What is the tens digit of s?
0
Let t(o) = -o**3 + 21*o**2 + 7*o - 42. What is the units digit of t(19)?
3
Let v = -452 - -903. What is the hundreds digit of v?
4
Suppose -v = -5*v + 12. Suppose -5*m + 2*m + 3*y = -627, -4*m = -v*y - 835. What is the units digit of m?
8
Let s = 36 + -36. Suppose 11*i - 3*i - 944 = s. What is the tens digit of i?
1
Suppose 0*d = -5*d + 705. Suppose 5*j - d = 24. What is the tens digit of j?
3
Let c(o) = 3*o**3 - 8*o**2 + 4*o - 26. What is the units digit of c(7)?
9
Let u = 17 + -26. Let i(m) = m**3 + 5*m**2 - m - 3. Let b be i(-6). Let q = u - b. What is the units digit of q?
4
Suppose 5*a - h = -28, 0 = 4*a - 5*h + 21 - 7. Let z be 6*(-1)/a*21. What is the units digit of (16/24)/(2/z)?
7
Let b be (-2)/7 - 220/(-35). Let j = b + -12. Let v = 2 - j. What is the units digit of v?
8
Let i(v) = v**3 + 8*v**2 + 4*v + 9. Let a be (-12)/2*(-4 - -5). What is the units digit of i(a)?
7
Suppose -7*z + 7384 = -6420. What is the units digit of z?
2
Let i(y) be the first derivative of -y**4 - y**3 + 3*y**2/2 - 3*y - 27. What is the tens digit of i(-3)?
6
Let b(d) = 46*d - 729. What is the thousands digit of b(46)?
1
Let k(w) = -25*w + 2. Let r = -19 - -13. Let i be k(r). Suppose 0*p = -2*p + i. What is the units digit of p?
6
Let r(t) = -3*t**3 - 8*t - 1. What is the hundreds digit of r(-8)?
5
Let l(j) = -20*j + 132. What is the hundreds digit of l(-15)?
4
Let y be 346/18 - (-5)/((-315)/14). Let a = 78 + y. What is the tens digit of a?
9
Suppose 5*d - 5*q = -0 + 25, 0 = -5*d - q - 5. Let r be 3 + (1 - (-2)/(-2)). Suppose -5 = -u - p, d = -r*u + p - 3*p + 20. What is the tens digit of u?
1
Let f(r) = -16*r**3 + 3*r + 2. Let o be f(-1). Let l = o + -7. What is the units digit of l?
8
Let s(q) be the first derivative of 7*q**2/2 + 2*q - 11. What is the tens digit of s(2)?
1
Let b(k) = 627*k - 397. What is the thousands digit of b(3)?
1
Let m(j) = -j**3 - 3*j**2 - 11*j - 7. What is the tens digit of m(-6)?
6
Let t(y) = 2*y**2 + 5*y - 8. Let o be t(-8). What is the tens digit of o + (0 - 4/(-4))?
8
What is the thousands digit of ((-60)/(-16))/3 - 47375/(-20)?
2
Let n be (-93)/(-8) - (-45)/120. What is the hundreds digit of (11/n + 14/(-56))*384?
2
Let c = -46 + 26. Let q be (-5)/c + 246/8. Suppose 2*t = q - 7. What is the tens digit of t?
1
Let t = 10633 - 5719. What is the units digit of t?
4
Suppose 4*q = -3*z + 1481 + 964, 4*q - 2*z = 2470. What is the tens digit of q?
1
Suppose -9 = 3*w, -2*w + 15376 = 5*g + 3657. Suppose k - g = -4*k. Suppose -6*a = -13*a + k. What is the units digit of a?
7
Let m = -67 - -362. Suppose -5*p - 5 = -m. Suppose 2*t + 3*s = s + p, 0 = -5*s + 25. What is the tens digit of t?
2
Suppose -62*l = -57*l. Suppose 3*z - 2*x - 394 = l, -2*x = z + 2*x - 108. What is the hundreds digit of z?
1
Let k(f) be the first derivative of -f**5/60 - 5*f**4/12 - f**3/2 - 2*f**2 - 3. Let g(s) be the second derivative of k(s). What is the units digit of g(-8)?
3
What is the tens digit of 557/(9*4/180)?
8
Suppose 7*q + 255 = 66. Let w = 30 + q. Suppose -216 = -w*r - 81. What is the units digit of r?
5
Let k(t) = -2*t**2 - 3*t - 3*t + 26*t**3 - 11*t**3 - 16*t**3 + 4. What is the units digit of k(-4)?
0
Let n(w) = 2*w - 4. Let s be n(4). Let p(h) = -6*h + 38. Let x be p(3). Suppose -5*y = -s*c - 9 - 171, 4*c = -x. What is the units digit of y?
2
What is the hundreds digit of 428*2119/364 - (-6)/14?
4
Suppose -5073 = -13*r + 5340. What is the units digit of r?
1
Suppose 3*k = -0 - 3. Let f(l) = 24*l**2 - 1. Let p be f(k). Let x = p + -14. What is the units digit of x?
9
Suppose 2*q = -68 + 164. Suppose n + 2*n = -q. What is the units digit of 3/4 - 4/n?
1
Let t = -31 - -58. Suppose -p + 0*p = 4*s - t, -4*p - 32 = -4*s. What is the units digit of s?
7
Let m(a) = a**2 - 11*a - 9. Let p be m(10). Let l = -21 - p. What is the tens digit of l/(-4) + 135/10?
1
Suppose -54*g + 130797 + 159993 = 0. What is the thousands digit of g?
5
Let a(y) = -2*y + 2 + 26*y**3 + 16*y + 11*y**2 - 25*y**3. What is the tens digit of a(-8)?
8
Let y be -1 + 1 + (-12)/(-3). Suppose 356 = 4*j + y*x, -2*j + 89 = -j - 4*x. What is the units digit of j?
9
Let h = -372 - -806. What is the tens digit of h/2 - (-19 - -14)?
2
Let b = 109 - -93. Let j = b + -79. What is the hundreds digit of j?
1
Let x = 137 - -15. What is the tens digit of x?
5
Suppose 4*p = 28*p - 3456. What is the tens digit of p?
4
What is the units digit of 1035214/354 + (-2)/6?
4
Let z = 1777 + -1259. What is the hundreds digit of z?
5
Suppose -32*h + 5044 = 3*x - 34*h, -5*h + 1670 = x. What is the hundreds digit of x?
6
Suppose -4 = -2*h + 2. Suppose h*x = -x - 48. Let s(y) = y + 13. What is the units digit of s(x)?
1
Let h = -40 + 42. Suppose 3*f + j - 205 = 0, -f - 327 = -6*f + h*j. What is the tens digit of f?
6
Let y be 1/(-3*1/111). Let r = y + 39. Suppose 2*k = 4, -f = -r*k + 5*k - 20. What is the tens digit of f?
1
Suppose 9*y - 17 = 1. Suppose 9 = y*d + 4*q - 123, q = -5*d + 357. What is the tens digit of d?
7
What is the tens digit of (-17386)/(-6) - (-160)/480?
9
Suppose 0 = -3*i + 16 - 4. Suppose 48 = 2*f - i*z, 3*f = -0*f - z + 79. What is the units digit of f?
6
Suppose 2*r = -r - 234. Let k be -7 + 3 - r - 1. Let t = 105 - k. What is the tens digit of t?
3
Suppose 2*c = -10, 2*p + 2*p + 5*c + 17 = 0. Let d be ((-7)/4)/(p/8). Let u = -5 - d. What is the units digit of u?
2
Let r(t) = -31*t - 79. What is the hundreds digit of r(-15)?
3
Suppose 3*p + 3 = 3*x, 2*x - 2 = -3*p + 6*x. Let i be ((-3)/p)/(1/6). Suppose -i*d = -24 - 6. What is the units digit of d?
0
What is the tens digit of ((-38)/(-3))/(((-232)/(-48))/29)?
7
What is the hundreds digit of (-3 + (-23)/(-5))/((-36)/(-40050))?
7
Suppose 4*i - 260 = 168. Suppose 253 = 4*c - 3*u, -4*c - 3*u = -7*u - 248. Let x = i - c. What is the units digit of x?
0
Let c(z) = z**2 - 9*z - 1. Let d = -7 + 11. Let k be c(d). Let j = 39 + k. What is the tens digit of j?
1
Suppose 4*y + 0*y - 92 = 0. Suppose 3 = w, q - 3 = 4*w - y. Let v = 20 + q. What is the tens digit of v?
1
Let y = -23 - -39. Suppose 4*z + y = -0*l + 2*l, -5*z - 21 = -2*l. What is the tens digit of (28 - l) + 3 + -4?
2
Let y be 16/7 + 4/(-14). Suppose 0*p - p + y*g = -4, -2*g - 4 = 2*p. Suppose 2*x + 4*k - 50 = p, -x - 3*k + 25 = 2*k. What is the units digit of x?
5
Suppose d = f + 21, 0*f - 68 = -4*d - 4*f. Let l(s) = 9 + d - 9 - s + 2*s. What is the units digit of l(11)?
0
Suppose -3*q - 987 = -5*h + 321, 0 = -3*q - 2*h - 1287. Let w = -209 - q. What is the units digit of w?
2
Let z(a) be the second derivative of -7*a**3/6 - a**2/2 + 6*a. Let n be z(-6). Suppose -n = -f + 8. What is the units digit of f?
9
Let u be (-16)/(-12) - 1 - (-3464)/12. Suppose 0 = 3*o + 9, 0 = -4*b + 3*o + u + 224. What is the units digit of b?
6
What is the hundreds digit of (-20691)/(-24) + 2/(-16)?
8
Suppose 2*g - 4*g - 16 = 4*b, -5*g = -b - 4. Suppose g = -3*j - j. Suppose 5*q - 6*q + 5 = j. What is the units digit of q?
5
Let q = 291 + -157. Suppose 8*g = q + 74. What is the units digit of g?
6
What is the tens digit of 520*(-12)/(-8) + (-2 - -1)?
7
Let o(z) be the first derivative of z**4/24 + 5*z**3/3 